
Let x = 26 - 20. Let b(w) = 6*w**2 + 9*w - 14. Let t be b(x). Calculate the highest common factor of t and 32.
32
Suppose 2*k + 34*k - 4752 = 0. Calculate the highest common factor of k and 165.
33
Suppose 8*h - 250 = 134. Calculate the highest common divisor of h and 1392.
48
Let t be (-371)/(-9) + (80/(-36) - -2). Suppose 2*q + q = -w + t, 3*q - 31 = w. What is the highest common divisor of 60 and q?
12
Let l be (-1122)/(-10) - 3/15. Let b be l/(-6)*(-3)/(-2). Let f = 22 - b. Calculate the greatest common divisor of 25 and f.
25
Let l be 300/24*60/25. Suppose 5*c = j + 2*j - 105, -5*c + 45 = 2*j. What is the highest common factor of j and l?
30
Let p(h) = 14*h + 14. Let c be p(0). What is the greatest common divisor of 518 and c?
14
Let t(r) = 2*r**3 - 4*r**2 + 7*r - 1. Let h be 75/100 - 10/(-8). Let g be t(h). What is the highest common factor of 169 and g?
13
Let r(s) = s**3 - 4*s**2 - 7*s + 1. Let u be r(5). Let p be 46/2 - u/(-3). Calculate the greatest common factor of 10 and p.
10
Let g(w) = w**2 - w + 248. Let k be g(0). What is the highest common factor of 8 and k?
8
Suppose -3*n + 7*n = 0. Suppose a - 2*h - 22 = 0, -3*a + 5*h = -n*a - 61. Suppose -4 + 1 = -t. What is the highest common factor of t and a?
3
Let w(v) = -v**3 - 9*v**2 - 14*v + 4. Let k be w(-7). Let p be (-12)/(12/k) + 61. What is the highest common factor of p and 19?
19
Let c = 53 + 262. Calculate the highest common divisor of c and 35.
35
Suppose 0*z - 3*z = 60. Let x = z + 26. What is the highest common factor of x and 54?
6
Let c(n) = n**2 + 3*n + 5. Let a be c(-3). Calculate the greatest common divisor of 80 and a.
5
Let h be (-48)/56*((-16)/(-2) - 1). Let b = 11 + -18. Let g = h - b. Calculate the highest common factor of 5 and g.
1
Let u(y) = -34*y - 9. Let g be u(3). Let r = -79 - g. Calculate the greatest common factor of r and 4.
4
Suppose 0 = 4*c - 7 - 9, 30 = 2*s + c. Suppose -5*g - s = -28. What is the highest common divisor of g and 27?
3
Suppose 3*g + 4*b = 1169, 4*b + 193 + 984 = 3*g. What is the highest common divisor of g and 17?
17
Suppose -11*c + 205 = 62. What is the greatest common factor of c and 325?
13
Suppose 4*l - 162 = 4*a + 862, -5*a + 20 = 0. Suppose -16*x + 11*x = -l. Let v = -33 + 59. Calculate the greatest common factor of x and v.
26
Let z(h) = 56*h - 469. Let r be z(41). Calculate the greatest common factor of r and 63.
63
Suppose -2*f = -3*c - 47 - 3, 2*c = 5*f - 136. Calculate the highest common divisor of 42 and f.
14
Let d be (5 + 996/48)*2*22. What is the highest common factor of 103 and d?
103
Suppose 0 = -h + 6*h - 4*p - 1920, 0 = 5*h - 2*p - 1930. What is the highest common divisor of 4 and h?
4
Let c(w) = 9*w + 105. Let d be c(-8). What is the highest common divisor of 11 and d?
11
Let l = 201 - 81. Suppose 0 = 6*y - 4*y + v - 215, y - 2*v - l = 0. What is the highest common factor of y and 10?
10
Suppose 149 = 2*k + 4*w + 11, 5*k + 2*w - 321 = 0. Let f(m) = 4*m - 3. Let z be f(3). What is the greatest common divisor of z and k?
9
Let s = -25 + 21. Let y be s - -18 - 4 - -1. Let d = y - 8. Calculate the greatest common factor of 3 and d.
3
Suppose 0 = -7*p - 1 + 260. Suppose -3*a + p = -5*w, 6 = 2*a + 2*a + 2*w. What is the highest common factor of a and 32?
4
Suppose 2*a + 3*a = -5*m + 115, -3*a + 67 = 5*m. Suppose -4*x + 7*x - a = 0. Let c be 62/8 + 2/x. What is the highest common factor of c and 20?
4
Suppose 5*i = 45 - 15. Let x = 88 + -22. What is the highest common factor of x and i?
6
Let l be -1*((2 - 7) + -12). Suppose 0 = 2*m - 3*m + 4*h + 26, -2*m + 72 = 2*h. Calculate the greatest common divisor of m and l.
17
Suppose 0 = 5*k + 4*k. Suppose k = 16*b - 11*b - 130. Calculate the greatest common factor of b and 39.
13
Suppose 43 - 7 = 4*k - 3*v, 3*k - 14 = -v. Let d be -3*(-2)/k*13. What is the greatest common divisor of 143 and d?
13
Suppose -5*y - 20 = -7*y. What is the greatest common factor of 80 and y?
10
Suppose 14*v = 4*v + 720. Calculate the highest common factor of v and 108.
36
Let s(h) = -h**2 + 12*h + 1. Let x be s(9). Suppose -4*y = -5*o + 33, 0 = y + 4 - 2. Suppose -22 - x = -o*i. What is the greatest common divisor of i and 10?
10
Let z be 7 + 1 - (-3 - (2 - -2)). What is the greatest common divisor of 660 and z?
15
Let m be (-8)/(-3)*(9 - -6). Let o = m + -20. What is the highest common factor of 60 and o?
20
Let d(b) = b**2 - 4*b - 5. Let v be d(-5). Suppose 49 + 11 = -3*j. Let k = j - -28. What is the greatest common factor of v and k?
8
Let c(v) = 35*v**2 - 3*v + 3. Let j be c(1). Calculate the highest common divisor of 70 and j.
35
Let n = 122 + -180. Let t = n - -73. What is the greatest common divisor of t and 20?
5
Suppose -4*f - 18*f = -11286. What is the highest common factor of f and 114?
57
Let n = -75 - -78. Suppose -19 + n = -4*h. What is the greatest common factor of h and 2?
2
Suppose -17 = -2*q - 1. Suppose 3*z - q = 2*z. Suppose -3*g + z + 4 = 0. Calculate the highest common divisor of 44 and g.
4
Suppose 36 = 13*n - 16*n. Let g be (9/n)/((-7)/84). What is the highest common factor of g and 27?
9
Let q be 3/(-48)*-2 - 1007/(-8). Calculate the greatest common factor of q and 28.
14
Let d be 8*(0 + (-9)/2)/(-6). Suppose 1 - d = -t. Calculate the greatest common divisor of t and 5.
5
Let q = -93 - -481. What is the highest common divisor of q and 291?
97
Suppose -2112*t + 3550 = -2102*t. What is the greatest common factor of t and 5?
5
Let v = -40 - -78. Calculate the highest common divisor of 57 and v.
19
Suppose -47*f = -29*f - 216. Let c = 307 + -211. What is the greatest common factor of c and f?
12
Let y be 1/2*1/((-5)/(-40)). Suppose -y*d + 142 + 10 = 0. Calculate the highest common divisor of 304 and d.
38
Let b = -48 - -45. Let y(q) = 5*q**2 + q - 5. Let x be y(b). Calculate the highest common divisor of 407 and x.
37
Let y(u) = 5*u + 3. Let a be y(3). Suppose 2*s + 3*o = 5*o + 22, -o = -3*s + 23. What is the highest common divisor of s and a?
6
Let z be -6 + 265 + 3*(-28)/21. What is the highest common factor of z and 75?
15
Let r be (58 - 1) + (1 - -2). Let u(l) = -l**2 - 3*l + 4. Let w be u(-3). Suppose 8 = k + w*i, k - 10 - 7 = 5*i. What is the greatest common factor of r and k?
12
Let a = 235 + -214. Calculate the greatest common divisor of 273 and a.
21
Let h(o) = -o**3 + 48*o**2 + 16*o - 55. Let d be h(48). What is the highest common divisor of d and 23?
23
Let o = 2 - -1. Let w(q) = q**3 - 15*q**2. Let x be w(15). Suppose -4*v = -3*g - 63, 3*v - 7*g + 4*g - 48 = x. What is the highest common divisor of v and o?
3
Let i(h) = -h**3 + 6*h**2 - 4*h + 62. Let o be i(6). What is the highest common divisor of 38 and o?
38
Suppose 0 = 5*n - 5*a - 845, 2*n - 4*a = 7*n - 845. Calculate the highest common factor of n and 104.
13
Suppose v = -22*k + 24*k - 10, 3*k = 3*v + 18. Suppose 0*x = 5*x. Let q be x + (-8)/(-1) + 2. Calculate the greatest common divisor of q and k.
2
Suppose -55 = -3*m - v, m + 8*v - 10 = 6*v. What is the highest common factor of 275 and m?
5
Let v(q) = 3*q**2 - 2*q - 1. Let m be v(-1). Let z = m + -2. Suppose -3*s + 8 = -i + 2*i, 4*s - 32 = -4*i. Calculate the highest common factor of i and z.
2
Suppose 504 = 2*x + 4*a, -6*x + 10*x - 987 = -a. Calculate the greatest common divisor of x and 6.
6
Let d(g) = -g**2 - 13*g - 18. Let i be d(-11). Suppose -i*m = -206 - 190. Calculate the greatest common factor of m and 9.
9
Let b = -8307 - -13520. What is the greatest common factor of 13 and b?
13
Let t = 23 - 23. Suppose -3*c - 4*o = -5*o - 108, -5*o = t. Calculate the greatest common factor of 12 and c.
12
Let x be 9*(516/36 + 1 + -3). What is the greatest common divisor of x and 37?
37
Let o be ((-21)/9 + 3)*-3. Let k be 10 + o - 4 - -4. Calculate the highest common factor of 2 and k.
2
Suppose -223 + 81 = -2*f. Let y = -41 + f. Let z = 14 + -9. Calculate the greatest common factor of y and z.
5
Let x(l) = 394*l**2 - 12*l - 10. Let h be x(-1). Calculate the greatest common divisor of h and 216.
36
Let a(q) = q**2 - q + 12. Let k be a(5). Calculate the greatest common factor of k and 4.
4
Let b be 52 - 4/(-4)*-4. Suppose -3*z - b = -6. Let u be (4 - 6) + -1 - z. What is the highest common divisor of 11 and u?
11
Let p be 0/((-7)/((-35)/(-10))). Let z = p + 3